- 9, 5*y = -3*z + 15. Let c(d) = -2*d + d - y*d + 4*d - 8. What is the units digit of c(-4)?
4
Let v(g) = -g**2 - 8*g - 8. Let p be v(-8). What is the tens digit of (55/(-22))/(2/p)?
1
Suppose 4*n + 3*h = 19328, 113*n = 109*n - 2*h + 19328. What is the thousands digit of n?
4
Suppose -4*x = -626 - 14. What is the tens digit of 9/(45/20) + x?
6
Let g = 44 - 25. Let n = g - 16. Suppose -5*j + n = -2. What is the units digit of j?
1
What is the hundreds digit of 1*-3 + (-34 - -215)?
1
Let w be (6 + -5)/((-1)/(-34)). Let x = -3 - 12. Let k = x + w. What is the tens digit of k?
1
Suppose -4*k = 21*k - 28075. What is the thousands digit of k?
1
Let i(o) = 37*o**3 + 5*o**2 + 3*o + 2. Let z be i(-3). Let a = 115 + z. What is the tens digit of a/24*(-8)/6?
4
Suppose 5*b - 1409 = -5*l + 6426, 4*b - 5*l = 6259. What is the hundreds digit of b?
5
Suppose -2*v + 10 = 0, -72 - 28 = 2*s + 4*v. Let l = 81 + s. What is the tens digit of l?
2
Let s(n) = n**2 + 14*n + 48. What is the tens digit of s(45)?
0
Suppose -8 = 4*q + 28. Let b = q - 5. What is the units digit of (-20)/70 - 256/b?
8
Suppose 0 = -150*w + 145*w + 2745. What is the tens digit of w?
4
Suppose -5*b - 4*q = 494, -2*b + 3*q = 8*q + 201. Let w = b + 178. What is the tens digit of w?
8
Suppose -2*h - 15703 = -5*u + 7776, -5*h - 18773 = -4*u. What is the thousands digit of u?
4
Let i(d) be the third derivative of 2*d**5/15 + 5*d**4/24 - 2*d**3/3 - 8*d**2. What is the tens digit of i(-3)?
5
Let q(i) = i**3 + 5*i**2 - 2*i - 3. Let y be q(-3). Let w = 27 + y. What is the tens digit of w?
4
Suppose -2*h - 3 = -5*h. What is the tens digit of h - -58 - (-5)/(-5)?
5
Suppose 3*p + 8*j = 4*j + 1873, 2*p - 3*j - 1226 = 0. What is the hundreds digit of p?
6
What is the hundreds digit of (2650 + (4 - 0))/(44/66)?
9
Let h(c) = 56*c**2 - 15*c - 167. What is the hundreds digit of h(-6)?
9
Let r(d) = 4*d**3 - 5*d**2 - 4*d + 9. Let b = -51 - -55. What is the hundreds digit of r(b)?
1
Suppose -4*i = o - 3*i + 1, 3*i + 3 = -2*o. Suppose -2*v - 6*v + 512 = o. What is the units digit of v?
4
Suppose 0 = 3*a + 81 - 387. What is the units digit of a?
2
Let u be (318/4)/(9*3/36). Let b = 239 - u. What is the units digit of b?
3
Suppose 2*g - 2*t = -0*t + 24, 2*g + 4*t + 6 = 0. Suppose 1 - g = -3*s, -2*s + 604 = 4*f. What is the tens digit of f?
5
Let u be (-782)/15 - (-3 + (-86)/(-30)). Let n = 95 + u. What is the units digit of n?
3
Suppose 4*g - 7316 = k, -4*k = -6*g + 2*g + 7316. What is the thousands digit of g?
1
Suppose -5*z + 3*f = -22, -3*z + 6*z - 19 = -4*f. Suppose -z*k + 0*k - 2*n = -235, -3*k - 5*n = -141. What is the tens digit of k?
4
What is the hundreds digit of (-12)/10*(-100)/(-40) + 415?
4
Let i = 1528 - 713. What is the units digit of i?
5
Let j(l) = -78*l - 1. Suppose -1 = -3*i - 4. Let r be j(i). Suppose 2*f = -3*v + r, -128 = -5*v - 6*f + 3*f. What is the units digit of v?
5
Suppose 5*w = -2*n + 319, 295 = 2*n - 12*w + 9*w. Let l = n + 29. What is the hundreds digit of l?
1
Let h(d) = d - 8. Let i be h(11). Suppose 3*o + 2*q - i = 0, 2*o - 2*q = -o + 3. Let w(s) = 10*s**3 + 2*s**2 - 1. What is the tens digit of w(o)?
1
Let s = 3946 + 881. What is the units digit of s?
7
Suppose v + 4*t = -6, 2*v + 2*t + 58 = -v. Let m be (-180)/v - (-2)/(-11). What is the units digit of (-222)/(-3)*4/m?
7
What is the units digit of (-2250)/(-300)*(2052/(-5))/(-3)?
6
Let g = 516 + 180. What is the units digit of g?
6
Let a = 200 + -114. Suppose -3*t - a = -2*p, 5*p + 3*t - 198 = 2*t. What is the units digit of p?
0
Suppose -21 = -6*j - 3. Suppose h - 109 = -5*y, 5*y = -j*h + 338 - 1. Suppose l = -l + h. What is the tens digit of l?
5
Let p(i) = -4*i. Let s = 7 + -8. Let n be p(s). Suppose j + 2 = 4, n*j - 12 = -t. What is the units digit of t?
4
Let y(u) = 8*u - 4. Let k be y(7). Suppose -5*r + 2*j - 38 = -137, -5*r - j = -93. Let m = k - r. What is the tens digit of m?
3
Let n be (-10)/4*(-246)/15. Suppose -4*k - n = -w + 23, 5*w - k - 320 = 0. What is the tens digit of w?
6
Let j = 44 + -44. Suppose j = -5*k + 5*r + 180, -r = r. What is the units digit of k?
6
Let y be (-357)/(-4) - 4/16. Suppose 4*b - 5*b = -4*o + 539, 5*b = 25. Suppose -g + y = 5*u - 3*u, 0 = 3*u - g - o. What is the units digit of u?
5
Suppose 5*r + 8 = 5*w + 4*r, 3*r = -w - 8. What is the units digit of w + 55 - (5 + -4)?
5
Suppose 0 = 12*m - 9*m + 3*s - 3978, 4*m + s - 5319 = 0. What is the thousands digit of m?
1
Let n be (-962)/(-6) - (-2)/3. Let j = n - 106. What is the units digit of (-1)/2 - j/(-2)?
7
Let u(j) = -3*j**2 + j - 1. Let n be u(1). Let t be ((-75)/1)/(n/(-2)). Let x = t - -75. What is the tens digit of x?
2
Let z(h) = 6*h + 5. Let q(i) = i + 24. Let g be q(-18). What is the tens digit of z(g)?
4
Let o(k) = k**2 - 28*k + 92. What is the tens digit of o(29)?
2
Suppose 0 = 4*s - 2*y - 184, 0*y + 230 = 5*s + y. Let l = s - -68. What is the tens digit of ((-8)/12)/((-4)/l)?
1
Let o(u) = -u**3 - 11*u**2 - 13*u + 12. Let d be 1 + -2 - 0 - 9. Let a be o(d). Suppose 0 = -3*j + a + 72. What is the tens digit of j?
3
Suppose -3*w + 6 + 12 = 0. Let i be -2 + (-1)/(-2)*w. What is the units digit of ((-140)/(-8))/(i/2)?
5
Let m(f) = -f + 111. What is the units digit of m(9)?
2
Suppose 9837 = 5*p - 3*h + 1159, 3*p + 4*h = 5230. What is the tens digit of p?
3
Let z = 1511 - 663. What is the units digit of z?
8
Suppose -3276 = 140*v - 152*v. What is the hundreds digit of v?
2
Let m = -705 - -1009. What is the tens digit of m?
0
Suppose 0*o + o - 5 = 0. Let y be 0/(0/3 - 3). Suppose -h + y = 4*q - o, -q - 1 = 0. What is the units digit of h?
9
Let c = 3377 - -213. What is the tens digit of c?
9
Let f = -98 - -144. Suppose -7*v + 6*v + f = 0. What is the units digit of v?
6
Let d = -326 + 436. What is the units digit of d?
0
Let g(m) = m**3 - 7*m**2 + 9*m - 4. Let d be g(6). Let k = d + -32. What is the units digit of (-5 - -23)*k/(-4)?
1
Let m = -3668 + 5463. What is the tens digit of m/20 - (-1)/4?
9
Suppose -2*b = 2*b + 16. Let o = b - -3. What is the tens digit of (-1 - (o - 16)) + -2?
1
Suppose -5*n - 5*k + 5 = -10, -2*k = -2*n + 10. Let h be (-35)/(-1) - (n - 7). Let f = -8 + h. What is the units digit of f?
0
Suppose 217*m - 19866 = 175*m. What is the hundreds digit of m?
4
Let b = -294 - -544. What is the units digit of b?
0
Let j = 1873 - 1161. What is the tens digit of j?
1
Suppose 3249 + 7101 = 23*p. What is the units digit of p?
0
Let f(h) = -13*h. Let p be f(-1). Suppose 2*c + l = 15, -2 = 2*c + 5*l - 37. Let m = p - c. What is the units digit of m?
8
Let h(l) = l - 8. Let z be h(-13). Let v(y) = -3*y + 4. What is the units digit of v(z)?
7
Suppose 0*d = 5*d + 2575. Let u = -357 - d. What is the tens digit of u?
5
Suppose 807 + 403 = 11*l. What is the units digit of l?
0
Suppose 16*v = 3489 + 5791. What is the tens digit of v?
8
Suppose 8*u - 680 = 3*u. Let l = -87 + u. What is the tens digit of l?
4
Suppose -4*h - 24 = -4*c, -6*c + 4*c - 2*h = 4. Suppose c*q - 241 = -i, 2*i + 9 = 5*i. What is the hundreds digit of q?
1
Let n(j) = 6 + 1 - 4*j**3 - 3*j**2 - 4 - 6*j + 0. What is the hundreds digit of n(-3)?
1
Let d = 3 - -3. What is the tens digit of 9/d*((3 - 0) + 7)?
1
Let f(m) = -m + 9. Let a be f(7). Suppose 68 = s - 4*c, 0 = -5*s - 3*c + 48 + 407. Suppose -a*q = -v - 147, -3*q + v + s + 133 = 0. What is the tens digit of q?
7
What is the thousands digit of (-212856)/(-75) + 8/(-100)?
2
Let v = 70 + -67. Suppose 162 = i - 2*q, -v*i + 439 = -5*q - 42. What is the units digit of i?
2
Suppose 887 = 6*s - 481. What is the units digit of s?
8
Let o(q) = -2*q**3 - 13*q**2 - 6*q + 10. Let x(h) = -h**2 + 8*h + 2. Let y be x(9). What is the hundreds digit of o(y)?
1
Let s(a) = -a**3 - 2*a**2 - 10*a - 13. What is the units digit of s(-3)?
6
Let f = -219 + 281. What is the tens digit of f?
6
Suppose -5*z + 11 = 3*m, 0*z - 3*z - 7 = -5*m. Suppose -m*w + 3 = -w. Suppose -16 = -w*k + 47. What is the units digit of k?
1
Let m = 6 - 5. Let d(b) = 98*b**3. Let y be d(m). Suppose -y = -4*z + 58. What is the tens digit of z?
3
Suppose -104*p + 449 = -103*p. What is the hundreds digit of p?
4
What is the tens digit of (-24)/(-36) - 1400/(-6) - 2?
3
Let i(s) = s**3 - 6*s**2 - 12*s - 8. Suppose 23 = o + 15. What is the units digit of i(o)?
4
Let l